the prime factors of 1621966?
2, 313, 2591
List the prime factors of 184749539.
13, 1553, 9151
What are the prime factors of 136408453?
409, 333517
What are the prime factors of 1244127759?
3, 7, 1063, 55733
What are the prime factors of 59499831?
3, 43, 461239
List the prime factors of 2645123048.
2, 330640381
List the prime factors of 5372989083.
3, 7, 11, 23, 337097
What are the prime factors of 74012726?
2, 37006363
What are the prime factors of 372539679?
3, 31, 1319, 3037
What are the prime factors of 69510997?
69510997
List the prime factors of 142842474.
2, 3, 43, 227, 271
What are the prime factors of 516696778?
2, 13, 31, 617, 1039
What are the prime factors of 5514121361?
7, 23, 101, 193, 251
List the prime factors of 160567850.
2, 5, 3211357
List the prime factors of 105385014.
2, 3, 7, 29, 151, 191
What are the prime factors of 2720856193?
11, 9601, 25763
List the prime factors of 672276114.
2, 3, 37348673
What are the prime factors of 1147986558?
2, 3, 5023, 12697
List the prime factors of 3221080820.
2, 5, 113, 787, 1811
List the prime factors of 10072001.
10072001
List the prime factors of 243020668.
2, 11, 23, 240139
List the prime factors of 347763876.
2, 3, 43, 673961
List the prime factors of 441258545.
5, 7, 13, 17, 57047
List the prime factors of 114870682.
2, 29, 1980529
List the prime factors of 2521926370.
2, 5, 17, 14834861
List the prime factors of 7736811007.
157, 49279051
List the prime factors of 1410948870.
2, 3, 5, 47031629
List the prime factors of 42933823.
17, 43, 58733
List the prime factors of 1751280085.
5, 15727, 22271
What are the prime factors of 1281796193?
4903, 261431
List the prime factors of 3960000850.
2, 5, 13, 23, 37, 7159
List the prime factors of 853124822.
2, 11, 38778401
List the prime factors of 92877080.
2, 5, 151, 15377
What are the prime factors of 507793108?
2, 126948277
What are the prime factors of 91547322?
2, 3, 15257887
What are the prime factors of 5924820241?
109, 54356149
List the prime factors of 412429878.
2, 3, 7, 659, 4967
What are the prime factors of 881615358?
2, 3, 13, 3767587
What are the prime factors of 371335178?
2, 185667589
List the prime factors of 95595567.
3, 23, 127, 10909
What are the prime factors of 234390899?
6301, 37199
List the prime factors of 83240542.
2, 7, 11, 23, 71, 331
What are the prime factors of 218077673?
11, 151, 131293
List the prime factors of 79186466.
2, 5477, 7229
List the prime factors of 127946087.
373, 343019
List the prime factors of 321431396.
2, 11, 13, 561943
List the prime factors of 1209106963.
17, 691, 102929
What are the prime factors of 742470905?
5, 11, 29, 53, 8783
List the prime factors of 177124360.
2, 5, 7, 17, 127, 293
List the prime factors of 47836688.
2, 23, 61, 2131
List the prime factors of 51938064.
2, 3, 109, 1103
What are the prime factors of 1622147413?
1622147413
What are the prime factors of 459081574?
2, 7, 107, 306463
What are the prime factors of 264491681?
4789, 55229
List the prime factors of 30948348.
2, 3, 761, 3389
What are the prime factors of 346141136?
2, 11, 139, 14149
List the prime factors of 403229385.
3, 5, 13, 479, 1439
List the prime factors of 1444804592.
2, 7, 11, 29, 53, 109
What are the prime factors of 43771602?
2, 3, 7, 21269
What are the prime factors of 32024506?
2, 16012253
List the prime factors of 431429537.
7, 11, 641, 8741
List the prime factors of 6992890884.
2, 3, 7, 27749567
List the prime factors of 38422359.
3, 47, 90833
What are the prime factors of 30899929?
43, 718603
What are the prime factors of 651639075?
3, 5, 8688521
List the prime factors of 4856724471.
3, 37699, 42943
List the prime factors of 71425205.
5, 61, 234181
List the prime factors of 84642512.
2, 5290157
What are the prime factors of 6262508535?
3, 5, 17, 101, 243157
What are the prime factors of 170415464?
2, 23, 926171
List the prime factors of 63798937.
97, 811
What are the prime factors of 2007119272?
2, 250889909
What are the prime factors of 3109498271?
11, 17, 23, 722971
List the prime factors of 280665515.
5, 13, 43, 100417
What are the prime factors of 492604091?
7, 2131, 33023
List the prime factors of 31429235.
5, 6285847
List the prime factors of 192140353.
401, 479153
What are the prime factors of 263967914?
2, 7, 31, 79, 7699
List the prime factors of 25680964.
2, 227, 28283
List the prime factors of 14554307.
14554307
List the prime factors of 155305773.
3, 7, 2465171
What are the prime factors of 529237677?
3, 37, 101, 47207
What are the prime factors of 94766470?
2, 5, 9476647
What are the prime factors of 1171671093?
3, 17, 197, 38873
What are the prime factors of 201874367?
201874367
List the prime factors of 714457663.
714457663
List the prime factors of 86837945.
5, 149, 229, 509
List the prime factors of 409715076.
2, 3, 131, 263, 991
List the prime factors of 170087282.
2, 53, 1604597
What are the prime factors of 155775452?
2, 7, 19, 349, 839
What are the prime factors of 303729234?
2, 3, 50621539
List the prime factors of 48906183.
3, 1051, 15511
What are the prime factors of 240977548?
2, 7, 8606341
List the prime factors of 564693454.
2, 13, 17, 97, 13171
What are the prime factors of 53924264?
2, 1061, 6353
List the prime factors of 3697009818.
2, 3, 616168303
List the prime factors of 1964708602.
2, 41, 3319, 7219
List the prime factors of 180223599.
3, 60074533
List the prime factors of 119914087.
119914087
List the prime factors of 368687311.
368687311
List the prime factors of 28527872.
2, 47, 2371
What are the prime factors of 878504322?
2, 3, 6173, 23719
List the prime factors of 5252927083.
349, 3539, 4253
List the prime factors of 1580971901.
1580971901
List the prime factors of 1339182069.
3, 446394023
List the prime factors of 4724643599.
13, 27956471
List the prime factors of 33902589.
3, 7, 1614409
What are the prime factors of 25618350?
2, 3, 5, 233, 733
What are the prime factors of 4584612503?
73, 101, 103, 6037
What are the prime factors of 181499745?
3, 5, 7, 857, 2017
What are the prime factors of 673229765?
5, 13, 10357381
List the prime factors of 365453530.
2, 5, 13, 2811181
List the prime factors of 87132212.
2, 53, 411001
What are the prime factors of 5500145261?
13, 423088097
What are the prime factors of 3484415318?
2, 1742207659
List the prime factors of 1394896985.
5, 23, 12129539
List the prime factors of 1512762487.
349, 4334563
What are the prime factors of 55023537?
3, 131, 140009
What are the prime factors of 15193155?
3, 5, 17, 59581
List the prime factors of 642228061.
642228061
List the prime factors of 189225996.
2, 3, 577, 27329
List the prime factors of 106515619.
7, 15216517
List the prime factors of 376782.
2, 3, 7, 8971
List the prime factors of 171215387.
7, 31, 53, 14887
What are the prime factors of 57412695?
3, 5, 197, 19429
List the prime factors of 66471944.
2, 7, 11, 29, 61
List the prime factors of 1467691585.
5, 293538317
What are the prime factors of 3148390207?
97, 32457631
List the prime factors of 182319194.
2, 67, 1360591
What are the prime factors of 2626767298?
2, 173, 547, 13879
List the prime factors of 456655815.
3, 5, 7, 11, 11981
List the prime factors of 353343540.
2, 3, 5, 11, 29, 18461
What are the prime factors of 601863179?
1019, 590641
What are the prime factors of 6154893?
3, 257, 887
What are the prime factors of 82396831?
11, 1831, 4091
What are the prime factors of 2634325449?
3, 7, 125444069
List the prime factors of 1018740727.
19, 1103, 48611
What are the prime factors of 164875816?
2, 7, 2944211
What are the prime factors of 290218739?
43, 157, 42989
List the prime factors of 1487262608.
2, 13, 113, 63277
List the prime factors of 67568952.
2, 3, 11, 211, 1213
List the prime factors of 161399393.
83, 191, 10181
List the prime factors of 774460120.
2, 5, 7, 2765929
What are the prime factors of 478812226?
2, 83, 2884411
List the prime factors of 32888455.
5, 17, 61, 6343
What are the prime factors of 966423273?
3, 1013, 318007
What are the prime factors of 80320377?
3, 37, 723607
What are the prime factors of 33115394?
2, 13, 71, 17939
What are the prime factors of 74718325?
5, 11, 271703
List the prime factors of 1504607.
13, 29, 307
List the prime factors of 15245824.
2, 11, 2707
List the prime fac